ase 3.
-20222021121200
-64431135 (base 8) to base 5
-12011303303
Convert 270729 (base 13) to base 16.
e6673
Convert 17c1119 (base 13) to base 3.
112121210210002
Convert 201211232012 (base 4) to base 5.
4223232004
-67380 (base 11) to base 7
-554406
What is -744357 (base 8) in base 5?
-30414142
56300 (base 13) to base 14
41062
What is 130442443 (base 5) in base 16?
9c575
Convert -b8a2c8 (base 15) to base 6.
-512242025
What is 71a276a (base 11) in base 10?
12711973
What is 1143004 (base 7) in base 9?
241024
What is 46a17c (base 15) in base 11?
19a5a43
Convert d0215 (base 16) to base 14.
18296d
Convert 6a33555 (base 11) to base 13.
271339c
What is 160303164 (base 7) in base 6?
1022323420
What is -122063 (base 8) in base 7?
-233360
What is 111101010101110001 (base 2) in base 13?
8a48b
25101155 (base 7) to base 15
2e7665
Convert 42300042 (base 5) to base 12.
15044b
d0d5ac (base 14) to base 12
242b518
-842b34 (base 16) to base 14
-12168cc
Convert -17074d (base 15) to base 2.
-100010000010100000110
2a2365 (base 12) to base 11
444746
-a2b77 (base 16) to base 4
-2202231313
What is -2010211010200 (base 3) in base 14?
-218a68
10113040 (base 6) to base 11
188706
What is -132241422 (base 6) in base 10?
-2633846
Convert -33b6e (base 15) to base 3.
-22100202112
What is -1001469 (base 10) in base 9?
-1785673
What is -1324324222 (base 5) in base 2?
-1100110011000100111001
What is 3cb83 (base 16) in base 7?
2054044
What is -1102422 (base 8) in base 6?
-10203202
-132201022 (base 4) to base 16
-1e84a
Convert -3031031022 (base 4) to base 10.
-840522
What is -287601 (base 10) in base 11?
-187096
Convert 335563 (base 13) to base 9.
2245741
Convert -13560550 (base 8) to base 4.
-23232011220
3022620 (base 7) to base 6
11404503
-1321312230 (base 4) to base 3
-221100122210
What is -3b21ec (base 15) in base 9?
-5311676
-79c89a (base 15) to base 12
-1b444a7
2014421 (base 6) to base 7
545542
Convert b30f8 (base 16) to base 4.
2303003320
Convert -200134223 (base 5) to base 3.
-1110222022020
b44b49 (base 12) to base 16
2b2969
Convert -27012324 (base 9) to base 14.
-1aa0c17
What is 11122211021 (base 3) in base 10?
91726
12424343 (base 6) to base 4
1203212013
Convert -13002211103 (base 4) to base 8.
-7024523
What is -274653 (base 13) in base 2?
-11101000100000111111
What is 18c430 (base 13) in base 9?
1154801
What is 1324242 (base 6) in base 14?
1cb2a
-1111100101001110000011 (base 2) to base 5
-2021201421
What is dd6d1 (base 15) in base 2?
10101011110000111010
4877053 (base 9) to base 10
2649234
-112201020210 (base 3) to base 13
-a1a78
What is -153483 (base 11) in base 13?
-84921
What is -1426670 (base 9) in base 13?
-216801
What is 1002102102220 (base 3) in base 5?
122013042
What is 14422202 (base 5) in base 15?
30c6c
What is 3647130 (base 12) in base 13?
2253345
641a61 (base 12) to base 6
53503001
1717183 (base 10) to base 13
4817b0
Convert 220716 (base 10) to base 2.
110101111000101100
What is 2908712 (base 13) in base 3?
220111011220002
What is -16266707 (base 9) in base 6?
-450201311
What is -53aa7 (base 12) in base 10?
-110431
What is 1ec37b (base 16) in base 13?
557895
What is -183810 (base 10) in base 7?
-1363614
Convert 100011110000011111101 (base 2) to base 12.
4860a5
What is -11102112 (base 5) in base 14?
-2759b
What is -537839 (base 11) in base 3?
-1121200000112
Convert 20101111200 (base 3) to base 16.
1eb3d
Convert 333a4 (base 15) to base 10.
162829
What is 13312320 (base 4) in base 13?
11859
What is 27248242 (base 9) in base 5?
11414431044
What is 203413000 (base 5) in base 6?
30012225
Convert a16219 (base 11) to base 10.
1633399
Convert 4221616 (base 11) to base 4.
130120111112
Convert 131060 (base 9) to base 12.
3a023
12731171 (base 10) to base 4
300210030203
13203342 (base 5) to base 8
401212
Convert -637c29 (base 16) to base 12.
-2225089
67403 (base 8) to base 6
335323
What is -2113b6 (base 13) in base 9?
-1408650
Convert -1b437c (base 14) to base 15.
-14304e
1426443 (base 7) to base 5
22120324
-21134114 (base 5) to base 15
-37874
100011210012 (base 3) to base 5
21240020
What is -202110222010 (base 3) in base 7?
-3266154
41945 (base 13) to base 10
118019
What is b74a1 (base 15) in base 16?
8dfaf
Convert 3215042 (base 6) to base 10.
157922
Convert -1110111100100010001 (base 2) to base 16.
-77911
3d4441 (base 14) to base 4
20012232121
What is 104301430 (base 5) in base 10?
462740
6d2c0 (base 16) to base 3
211201101210
-100d3 (base 15) to base 13
-1a196
Convert -225533266 (base 7) to base 6.
-1213002214
What is -1a21c0 (base 13) in base 7?
-5423633
-2315279 (base 10) to base 2
-1000110101010000001111
Convert -112451430 (base 6) to base 9.
-3836060
Convert 8209a7 (base 16) to base 14.
11bba51
Convert 4767b (base 14) to base 10.
174157
27418627 (base 9) to base 12
46489b1
What is -138103 (base 9) in base 13?
-2c6b5
Convert 4101524 (base 6) to base 8.
574374
257346 (base 10) to base 7
2121165
175674 (base 9) to base 10
109174
1101110010010110100 (base 2) to base 8
1562264
-116265 (base 8) to base 5
-2240432
-300555 (base 7) to base 6
-1030430
What is 30111410 (base 5) in base 8?
721423
-233003031 (base 4) to base 2
-101111000011001101
-10001012 (base 6) to base 13
-9a69a
What is 5054612 (base 7) in base 4?
2102331011
3113232113 (base 4) to base 11
55395a
Convert -858403 (base 12) to base 14.
-3cc6c3
What is -3400134 (base 5) in base 16?
-e81b
What is 460f6 (base 16) in base 10?
286966
Convert da93b (base 16) to base 14.
1943b5
1480384 (base 10) to base 13
3caa89
What is 5063264 (base 7) in base 8?
2233260
What is 116435225 (base 7) in base 4?
130013130011
Convert 111323223121 (base 4) to base 16.
57bad9
What is a0341a (base 11) in base 7?
16504323
Convert -3133010103 (base 4) to base 6.
-31330003
Convert 2211201112111 (base 3) to base 8.
5605406
Convert -13101203203 (base 4) to base 8.
-7214343
What is -11001010001011011 (base 2) in base 15?
-20a10
-1114586 (base 12) to base 3
-20010210101110
Convert 365846a (base 12) to base 10.
10569106
Convert b6040 (base 12) to base 5.
30113022
What is -c362b9 (base 16) in base 4?
-300312022321
Convert 10100010010101111101 (base 2) to base 8.
2422575
What is c7a3a (base 13) in base 2?
1010111110110101010
Convert a8921 (base 11) to base 6.
3220134
132982 (base 13) to base 14
c0a33
What is 4467026 (base 8) in base 2?
100100110111000010110
Convert -166a46 (base 11) to base 15.
-51748
Convert -42002222 (base 8) to base 15.
-bb1311
101111101010110001110 (base 2) to base 13
428c79
What is -232320130 (base 4) in base 8?
-567034
Convert 264ac3 (base 14) to base 7.
14133133
-364433 (base 8) to base 16
-1e91b
Convert 132666 (base 7) to base 6.
311530
What is 3612004 (base 7) in base 2?
1101111100010110000
-130210 (base 5) to base 10
-5055
What is -148d3c (base 16) in base 11?
-83aa23
-37480 (base 9) to base 14
-926a
What is -11045 (base 14) in base 2?
-1010000100000101
What is 2121012120000 (base 3) in base 15?
1c4690
-110100010000011000 (base 2) to base 7
-1551011
-798c (base 15) to base 6
-315210
1acfa (base 16) to base 8
326372
Convert -76410 (base 9) to base 12.
-25376
147731 (base 8) to base 15
10b74
Convert 5423153 (base 7) to base 8.
2413617
Convert 123314 (base 7) to base 9.
34238
-2118a (base 15) to base 2
-11001101000010100
Convert -231110313 (base 4) to base 10.
-185655
What is -d415 (base 16) in base 14?
-15b01
148272 (base 9) to base 12
44a48
-20200210012 (base 3) to base 4
-200023100
Convert -13343230244 (base 5) to base 7.
-265616061
Convert -21122441 (base 6) to base 10.
-617497
1101110312 (base 4) to base 9
556842
Convert -ca415 (base 15) to base 2.
-10011100110001111010
359608 (base 12) to base 4
3103210220
What is 1200322223 (base 4) in base 10?
396971
What is -850a65 (base 12) in base 16?
-1ffaed
b2488 (base 13) to base 6
10502253
Convert -1b9a995 (base 13) to base 8.
-43040416
Convert -15b851 (base 12) to base 16.
-5affd
9abe30 (base 15) to base 13
16b5730
Convert 70600 (base 8) to base 6.
342304
What is -101110001101110110001110 (base 2) in base 14?
-18752d8
Convert -20001110121022 (base 3) to base 11.
-18a8406
Convert -103453 (base 11) to base 2.
-101000011011010010
Convert -10101001100111001100111 (base 2) to base 3.
-101110100221210
-4447280 (base 11) to base 6
-435052523
What is -15225217 (base 8) in base 14